{"id":141,"date":"2023-09-11T21:04:48","date_gmt":"2023-09-12T00:04:48","guid":{"rendered":"https:\/\/agrocienciapodcast.com\/?page_id=141"},"modified":"2023-09-11T21:04:48","modified_gmt":"2023-09-12T00:04:48","slug":"home","status":"publish","type":"page","link":"https:\/\/agrocienciapodcast.com\/index.php\/home\/","title":{"rendered":"Home"},"content":{"rendered":"","protected":false},"excerpt":{"rendered":"","protected":false},"author":1,"featured_media":0,"parent":0,"menu_order":0,"comment_status":"closed","ping_status":"closed","template":"","meta":{"footnotes":""},"class_list":["post-141","page","type-page","status-publish"],"yoast_head":"<!-- This site is optimized with the Yoast SEO plugin v25.5 - https:\/\/yoast.com\/wordpress\/plugins\/seo\/ -->\n<title>Home - Agroci\u00eancia Podcast<\/title>\n<meta name=\"robots\" content=\"index, follow, max-snippet:-1, max-image-preview:large, max-video-preview:-1\" \/>\n<link rel=\"canonical\" href=\"https:\/\/agrocienciapodcast.com\/index.php\/home\/\" \/>\n<meta property=\"og:locale\" content=\"pt_BR\" \/>\n<meta property=\"og:type\" content=\"article\" \/>\n<meta property=\"og:title\" content=\"Home - Agroci\u00eancia Podcast\" \/>\n<meta property=\"og:url\" content=\"https:\/\/agrocienciapodcast.com\/index.php\/home\/\" \/>\n<meta property=\"og:site_name\" content=\"Agroci\u00eancia Podcast\" \/>\n<meta name=\"twitter:card\" content=\"summary_large_image\" \/>\n<meta name=\"twitter:site\" content=\"@agrocienciacast\" \/>\n<script type=\"application\/ld+json\" class=\"yoast-schema-graph\">{\"@context\":\"https:\/\/schema.org\",\"@graph\":[{\"@type\":\"WebPage\",\"@id\":\"https:\/\/agrocienciapodcast.com\/index.php\/home\/\",\"url\":\"https:\/\/agrocienciapodcast.com\/index.php\/home\/\",\"name\":\"Home - Agroci\u00eancia Podcast\",\"isPartOf\":{\"@id\":\"https:\/\/agrocienciapodcast.com\/#website\"},\"datePublished\":\"2023-09-12T00:04:48+00:00\",\"breadcrumb\":{\"@id\":\"https:\/\/agrocienciapodcast.com\/index.php\/home\/#breadcrumb\"},\"inLanguage\":\"pt-BR\",\"potentialAction\":[{\"@type\":\"ReadAction\",\"target\":[\"https:\/\/agrocienciapodcast.com\/index.php\/home\/\"]}]},{\"@type\":\"BreadcrumbList\",\"@id\":\"https:\/\/agrocienciapodcast.com\/index.php\/home\/#breadcrumb\",\"itemListElement\":[{\"@type\":\"ListItem\",\"position\":1,\"name\":\"In\u00edcio\",\"item\":\"https:\/\/agrocienciapodcast.com\/\"},{\"@type\":\"ListItem\",\"position\":2,\"name\":\"Home\"}]},{\"@type\":\"WebSite\",\"@id\":\"https:\/\/agrocienciapodcast.com\/#website\",\"url\":\"https:\/\/agrocienciapodcast.com\/\",\"name\":\"Agroci\u00eancia Podcast\",\"description\":\"A informa\u00e7\u00e3o \u00e9 o melhor defensivo contra a praga da fake news\",\"publisher\":{\"@id\":\"https:\/\/agrocienciapodcast.com\/#organization\"},\"potentialAction\":[{\"@type\":\"SearchAction\",\"target\":{\"@type\":\"EntryPoint\",\"urlTemplate\":\"https:\/\/agrocienciapodcast.com\/?s={search_term_string}\"},\"query-input\":{\"@type\":\"PropertyValueSpecification\",\"valueRequired\":true,\"valueName\":\"search_term_string\"}}],\"inLanguage\":\"pt-BR\"},{\"@type\":\"Organization\",\"@id\":\"https:\/\/agrocienciapodcast.com\/#organization\",\"name\":\"Agroci\u00eancia Podcast\",\"url\":\"https:\/\/agrocienciapodcast.com\/\",\"logo\":{\"@type\":\"ImageObject\",\"inLanguage\":\"pt-BR\",\"@id\":\"https:\/\/agrocienciapodcast.com\/#\/schema\/logo\/image\/\",\"url\":\"https:\/\/agrocienciapodcast.com\/wp-content\/uploads\/2023\/06\/cropped-AGROCIENCIA-POD-transp_02-1.png\",\"contentUrl\":\"https:\/\/agrocienciapodcast.com\/wp-content\/uploads\/2023\/06\/cropped-AGROCIENCIA-POD-transp_02-1.png\",\"width\":1539,\"height\":416,\"caption\":\"Agroci\u00eancia Podcast\"},\"image\":{\"@id\":\"https:\/\/agrocienciapodcast.com\/#\/schema\/logo\/image\/\"},\"sameAs\":[\"https:\/\/x.com\/agrocienciacast\"]}]}<\/script>\n<!-- \/ Yoast SEO plugin. -->","yoast_head_json":{"title":"Home - Agroci\u00eancia Podcast","robots":{"index":"index","follow":"follow","max-snippet":"max-snippet:-1","max-image-preview":"max-image-preview:large","max-video-preview":"max-video-preview:-1"},"canonical":"https:\/\/agrocienciapodcast.com\/index.php\/home\/","og_locale":"pt_BR","og_type":"article","og_title":"Home - Agroci\u00eancia Podcast","og_url":"https:\/\/agrocienciapodcast.com\/index.php\/home\/","og_site_name":"Agroci\u00eancia Podcast","twitter_card":"summary_large_image","twitter_site":"@agrocienciacast","schema":{"@context":"https:\/\/schema.org","@graph":[{"@type":"WebPage","@id":"https:\/\/agrocienciapodcast.com\/index.php\/home\/","url":"https:\/\/agrocienciapodcast.com\/index.php\/home\/","name":"Home - Agroci\u00eancia Podcast","isPartOf":{"@id":"https:\/\/agrocienciapodcast.com\/#website"},"datePublished":"2023-09-12T00:04:48+00:00","breadcrumb":{"@id":"https:\/\/agrocienciapodcast.com\/index.php\/home\/#breadcrumb"},"inLanguage":"pt-BR","potentialAction":[{"@type":"ReadAction","target":["https:\/\/agrocienciapodcast.com\/index.php\/home\/"]}]},{"@type":"BreadcrumbList","@id":"https:\/\/agrocienciapodcast.com\/index.php\/home\/#breadcrumb","itemListElement":[{"@type":"ListItem","position":1,"name":"In\u00edcio","item":"https:\/\/agrocienciapodcast.com\/"},{"@type":"ListItem","position":2,"name":"Home"}]},{"@type":"WebSite","@id":"https:\/\/agrocienciapodcast.com\/#website","url":"https:\/\/agrocienciapodcast.com\/","name":"Agroci\u00eancia Podcast","description":"A informa\u00e7\u00e3o \u00e9 o melhor defensivo contra a praga da fake news","publisher":{"@id":"https:\/\/agrocienciapodcast.com\/#organization"},"potentialAction":[{"@type":"SearchAction","target":{"@type":"EntryPoint","urlTemplate":"https:\/\/agrocienciapodcast.com\/?s={search_term_string}"},"query-input":{"@type":"PropertyValueSpecification","valueRequired":true,"valueName":"search_term_string"}}],"inLanguage":"pt-BR"},{"@type":"Organization","@id":"https:\/\/agrocienciapodcast.com\/#organization","name":"Agroci\u00eancia Podcast","url":"https:\/\/agrocienciapodcast.com\/","logo":{"@type":"ImageObject","inLanguage":"pt-BR","@id":"https:\/\/agrocienciapodcast.com\/#\/schema\/logo\/image\/","url":"https:\/\/agrocienciapodcast.com\/wp-content\/uploads\/2023\/06\/cropped-AGROCIENCIA-POD-transp_02-1.png","contentUrl":"https:\/\/agrocienciapodcast.com\/wp-content\/uploads\/2023\/06\/cropped-AGROCIENCIA-POD-transp_02-1.png","width":1539,"height":416,"caption":"Agroci\u00eancia Podcast"},"image":{"@id":"https:\/\/agrocienciapodcast.com\/#\/schema\/logo\/image\/"},"sameAs":["https:\/\/x.com\/agrocienciacast"]}]}},"_links":{"self":[{"href":"https:\/\/agrocienciapodcast.com\/index.php\/wp-json\/wp\/v2\/pages\/141","targetHints":{"allow":["GET"]}}],"collection":[{"href":"https:\/\/agrocienciapodcast.com\/index.php\/wp-json\/wp\/v2\/pages"}],"about":[{"href":"https:\/\/agrocienciapodcast.com\/index.php\/wp-json\/wp\/v2\/types\/page"}],"author":[{"embeddable":true,"href":"https:\/\/agrocienciapodcast.com\/index.php\/wp-json\/wp\/v2\/users\/1"}],"replies":[{"embeddable":true,"href":"https:\/\/agrocienciapodcast.com\/index.php\/wp-json\/wp\/v2\/comments?post=141"}],"version-history":[{"count":1,"href":"https:\/\/agrocienciapodcast.com\/index.php\/wp-json\/wp\/v2\/pages\/141\/revisions"}],"predecessor-version":[{"id":143,"href":"https:\/\/agrocienciapodcast.com\/index.php\/wp-json\/wp\/v2\/pages\/141\/revisions\/143"}],"wp:attachment":[{"href":"https:\/\/agrocienciapodcast.com\/index.php\/wp-json\/wp\/v2\/media?parent=141"}],"curies":[{"name":"wp","href":"https:\/\/api.w.org\/{rel}","templated":true}]}}