{"id":137,"date":"2023-09-11T21:03:28","date_gmt":"2023-09-12T00:03:28","guid":{"rendered":"https:\/\/agrocienciapodcast.com\/?page_id=137"},"modified":"2026-02-14T20:49:41","modified_gmt":"2026-02-14T23:49:41","slug":"equipe","status":"publish","type":"page","link":"https:\/\/agrocienciapodcast.com\/index.php\/equipe\/","title":{"rendered":"Equipe"},"content":{"rendered":"<h3 style=\"text-align: center;\"><strong>F\u00e1bio Mascarenhas Dutra<\/strong><\/h3>\n<figure style=\"width: 276px\" class=\"wp-caption aligncenter\"><img decoding=\"async\" src=\"http:\/\/servicosweb.cnpq.br\/wspessoa\/servletrecuperafoto?tipo=1&amp;id=K4217565Y8\" alt=\"Foto\" width=\"286\" height=\"286\" \/><figcaption class=\"wp-caption-text\">Doutor em Agroneg\u00f3cios pela Universidade Federal da Grande Dourados-UFGD (2022). Mestre em Agroneg\u00f3cios pela UFGD (2014). MBA em Marketing pela Esalq\/USP (2025). Especializa\u00e7\u00e3o em Gest\u00e3o Empreendedora de Neg\u00f3cios pelo Centro Universit\u00e1rio da Grande Dourados &#8211; UNIGRAN (2008). Graduado em Administra\u00e7\u00e3o de Empresas pela Faculdade de Administra\u00e7\u00e3o de Dourados &#8211; FAD (2006). Professor Adjunto em dedica\u00e7\u00e3o exclusiva no curso de Administra\u00e7\u00e3o da Faculdade de Administra\u00e7\u00e3o, Ci\u00eancias Cont\u00e1beis e Economia &#8211; FACE\/UFGD. Criador e Host do Podcast Agroci\u00eancia. Tem experi\u00eancia nas \u00e1reas de Administra\u00e7\u00e3o Geral, Marketing e Agroneg\u00f3cios. Atualmente lidera o LEMA (Laborat\u00f3rio de Estudos em Marketing e Agroneg\u00f3cios da UFGD) onde desenvolve pesquisas relacionadas ao Mercado e Comportamento do Consumidor Agro.<\/figcaption><\/figure>\n<p>&nbsp;<\/p>\n<h3 style=\"text-align: center;\"><strong>Ana Paula Dalmagro<\/strong><\/h3>\n<figure style=\"width: 215px\" class=\"wp-caption aligncenter\"><img decoding=\"async\" src=\"http:\/\/servicosweb.cnpq.br\/wspessoa\/servletrecuperafoto?tipo=1&amp;id=K4308218A9\" alt=\"Foto\" width=\"225\" height=\"320\" \/><figcaption class=\"wp-caption-text\">Doutora e Mestre em Agroneg\u00f3cios pela Universidade Federal da Grande Dourados &#8211; UFGD. Especialista em Controladoria e Finan\u00e7as pela USP\/ESALQ. Graduada em Ci\u00eancias Cont\u00e1beis pela Universidade Anhanguera Uniderp. Atuou como professora nos cursos t\u00e9cnicos e Aprendizagem industrial no CETEC SENAI- Dourados, bem como em consultorias empresariais. Professora substituta na Universidade Estadual de Mato Grosso do Sul &#8211; UEMS, nos cursos de administra\u00e7\u00e3o e ci\u00eancias cont\u00e1beis, professora e Coordenadora dos cursos de Ci\u00eancias Cont\u00e1beis e Administra\u00e7\u00e3o na UNIESP S.A\/ FIAMA (2017a 2019) e Professora Orientadora do PECEGE nos cursos de MBA da ESALQ\/USP. Atualmente \u00e9 professora no Ensino Superior da FATEC SENAI de Campo Grande -MS, professora nos cursos de Tecnologia em Agroneg\u00f3cios e Gest\u00e3o de Cooperativas na Unigran EAD, pesquisadora na \u00e1rea de Bioeconomia e contadora na Secretaria Estadual de Educa\u00e7\u00e3o SED-MS.<\/figcaption><\/figure>\n<p>&nbsp;<\/p>\n<h3 style=\"text-align: center;\"><strong>Luiz Felipe Rigon Kegler<\/strong><\/h3>\n<figure id=\"attachment_347\" aria-describedby=\"caption-attachment-347\" style=\"width: 200px\" class=\"wp-caption aligncenter\"><img decoding=\"async\" class=\"wp-image-347 size-medium lazyload\" data-src=\"http:\/\/agrocienciapodcast.com\/wp-content\/uploads\/2025\/10\/WhatsApp-Image-2024-10-05-at-16.21.54-210x300.jpeg\" alt=\"\" width=\"210\" height=\"300\" data-srcset=\"https:\/\/agrocienciapodcast.com\/wp-content\/uploads\/2025\/10\/WhatsApp-Image-2024-10-05-at-16.21.54-210x300.jpeg 210w, https:\/\/agrocienciapodcast.com\/wp-content\/uploads\/2025\/10\/WhatsApp-Image-2024-10-05-at-16.21.54-716x1024.jpeg 716w, https:\/\/agrocienciapodcast.com\/wp-content\/uploads\/2025\/10\/WhatsApp-Image-2024-10-05-at-16.21.54-768x1098.jpeg 768w, https:\/\/agrocienciapodcast.com\/wp-content\/uploads\/2025\/10\/WhatsApp-Image-2024-10-05-at-16.21.54-1074x1536.jpeg 1074w, https:\/\/agrocienciapodcast.com\/wp-content\/uploads\/2025\/10\/WhatsApp-Image-2024-10-05-at-16.21.54.jpeg 1119w\" data-sizes=\"(max-width: 210px) 100vw, 210px\" src=\"data:image\/svg+xml;base64,PHN2ZyB3aWR0aD0iMSIgaGVpZ2h0PSIxIiB4bWxucz0iaHR0cDovL3d3dy53My5vcmcvMjAwMC9zdmciPjwvc3ZnPg==\" style=\"--smush-placeholder-width: 210px; --smush-placeholder-aspect-ratio: 210\/300;\" \/><figcaption id=\"caption-attachment-347\" class=\"wp-caption-text\">Acad\u00eamico de Engenharia de Computa\u00e7\u00e3o pela Universidade Federal da Grande Dourados (UFGD). Entusiasta do hardware, buscando aprimorar seus conhecimentos sempre. Possui Ingl\u00eas avan\u00e7ado.<\/figcaption><\/figure>\n<p>&nbsp;<\/p>\n<h3 style=\"text-align: center;\"><strong>Sloan Vicente Filho Machado<\/strong><\/h3>\n<figure style=\"width: 219px\" class=\"wp-caption aligncenter\"><img decoding=\"async\" src=\"http:\/\/servicosweb.cnpq.br\/wspessoa\/servletrecuperafoto?tipo=1&amp;id=K9856133A0\" alt=\"Foto\" width=\"229\" height=\"407\" \/><figcaption class=\"wp-caption-text\">Acad\u00eamico de Zootecnia pela Universidade Federal da Grande Dourados, foi bolsista no projeto de Suinocultura com \u00eanfase em Bem-estar Animal, foi tamb\u00e9m bolsista pela FUNDECT na \u00e1rea de Forragicultura e Pastagens, com \u00eanfase em produ\u00e7\u00e3o e conserva\u00e7\u00e3o de forrageiras do g\u00eanero Urochloa, atualmente, bolsista de PIBIC com \u00eanfase em Aplica\u00e7\u00e3o de modelos n\u00e3o lineares na previs\u00e3o da taxa de crescimento em altura de h\u00edbridos de milho para produ\u00e7\u00e3o de silagem.<\/figcaption><\/figure>\n<p>&nbsp;<\/p>\n<h3 style=\"text-align: center;\"><strong>Lu\u00eds Felipe Mateu Silva<\/strong><\/h3>\n<figure style=\"width: 143px\" class=\"wp-caption aligncenter\"><img decoding=\"async\" src=\"http:\/\/servicosweb.cnpq.br\/wspessoa\/servletrecuperafoto?tipo=1&amp;id=K1227198A5\" alt=\"Foto\" width=\"153\" height=\"213\" \/><figcaption class=\"wp-caption-text\">Acad\u00eamico de Engenharia de Computa\u00e7\u00e3o pela Universidade Federal da Grande Dourados (UFGD). Participante do projeto como editor de v\u00eddeos, cortes, imagens e Social Media. Aficionado por marketing digital e programa\u00e7\u00e3o.<\/figcaption><\/figure>\n","protected":false},"excerpt":{"rendered":"<p>F\u00e1bio Mascarenhas Dutra &nbsp; Ana Paula Dalmagro &nbsp; Luiz Felipe Rigon Kegler &nbsp; Sloan Vicente Filho Machado &nbsp; Lu\u00eds Felipe Mateu Silva<\/p>\n","protected":false},"author":1,"featured_media":0,"parent":0,"menu_order":0,"comment_status":"closed","ping_status":"closed","template":"","meta":{"footnotes":""},"class_list":["post-137","page","type-page","status-publish"],"yoast_head":"<!-- This site is optimized with the Yoast SEO plugin v25.5 - https:\/\/yoast.com\/wordpress\/plugins\/seo\/ -->\n<title>Equipe - Agroci\u00eancia Podcast<\/title>\n<meta name=\"robots\" content=\"index, follow, max-snippet:-1, max-image-preview:large, max-video-preview:-1\" \/>\n<link rel=\"canonical\" href=\"https:\/\/agrocienciapodcast.com\/index.php\/equipe\/\" \/>\n<meta property=\"og:locale\" content=\"pt_BR\" \/>\n<meta property=\"og:type\" content=\"article\" \/>\n<meta property=\"og:title\" content=\"Equipe - Agroci\u00eancia Podcast\" \/>\n<meta property=\"og:description\" content=\"F\u00e1bio Mascarenhas Dutra &nbsp; Ana Paula Dalmagro &nbsp; Luiz Felipe Rigon Kegler &nbsp; Sloan Vicente Filho Machado &nbsp; Lu\u00eds Felipe Mateu Silva\" \/>\n<meta property=\"og:url\" content=\"https:\/\/agrocienciapodcast.com\/index.php\/equipe\/\" \/>\n<meta property=\"og:site_name\" content=\"Agroci\u00eancia Podcast\" \/>\n<meta property=\"article:modified_time\" content=\"2026-02-14T23:49:41+00:00\" \/>\n<meta property=\"og:image\" content=\"http:\/\/servicosweb.cnpq.br\/wspessoa\/servletrecuperafoto?tipo=1&amp;id=K4217565Y8\" \/>\n<meta name=\"twitter:card\" content=\"summary_large_image\" \/>\n<meta name=\"twitter:site\" content=\"@agrocienciacast\" \/>\n<meta name=\"twitter:label1\" content=\"Est. tempo de leitura\" \/>\n\t<meta name=\"twitter:data1\" content=\"4 minutos\" \/>\n<script type=\"application\/ld+json\" class=\"yoast-schema-graph\">{\"@context\":\"https:\/\/schema.org\",\"@graph\":[{\"@type\":\"WebPage\",\"@id\":\"https:\/\/agrocienciapodcast.com\/index.php\/equipe\/\",\"url\":\"https:\/\/agrocienciapodcast.com\/index.php\/equipe\/\",\"name\":\"Equipe - Agroci\u00eancia Podcast\",\"isPartOf\":{\"@id\":\"https:\/\/agrocienciapodcast.com\/#website\"},\"primaryImageOfPage\":{\"@id\":\"https:\/\/agrocienciapodcast.com\/index.php\/equipe\/#primaryimage\"},\"image\":{\"@id\":\"https:\/\/agrocienciapodcast.com\/index.php\/equipe\/#primaryimage\"},\"thumbnailUrl\":\"http:\/\/servicosweb.cnpq.br\/wspessoa\/servletrecuperafoto?tipo=1&amp;id=K4217565Y8\",\"datePublished\":\"2023-09-12T00:03:28+00:00\",\"dateModified\":\"2026-02-14T23:49:41+00:00\",\"breadcrumb\":{\"@id\":\"https:\/\/agrocienciapodcast.com\/index.php\/equipe\/#breadcrumb\"},\"inLanguage\":\"pt-BR\",\"potentialAction\":[{\"@type\":\"ReadAction\",\"target\":[\"https:\/\/agrocienciapodcast.com\/index.php\/equipe\/\"]}]},{\"@type\":\"ImageObject\",\"inLanguage\":\"pt-BR\",\"@id\":\"https:\/\/agrocienciapodcast.com\/index.php\/equipe\/#primaryimage\",\"url\":\"http:\/\/servicosweb.cnpq.br\/wspessoa\/servletrecuperafoto?tipo=1&amp;id=K4217565Y8\",\"contentUrl\":\"http:\/\/servicosweb.cnpq.br\/wspessoa\/servletrecuperafoto?tipo=1&amp;id=K4217565Y8\"},{\"@type\":\"BreadcrumbList\",\"@id\":\"https:\/\/agrocienciapodcast.com\/index.php\/equipe\/#breadcrumb\",\"itemListElement\":[{\"@type\":\"ListItem\",\"position\":1,\"name\":\"In\u00edcio\",\"item\":\"https:\/\/agrocienciapodcast.com\/\"},{\"@type\":\"ListItem\",\"position\":2,\"name\":\"Equipe\"}]},{\"@type\":\"WebSite\",\"@id\":\"https:\/\/agrocienciapodcast.com\/#website\",\"url\":\"https:\/\/agrocienciapodcast.com\/\",\"name\":\"Agroci\u00eancia Podcast\",\"description\":\"A informa\u00e7\u00e3o \u00e9 o melhor defensivo contra a praga da fake news\",\"publisher\":{\"@id\":\"https:\/\/agrocienciapodcast.com\/#organization\"},\"potentialAction\":[{\"@type\":\"SearchAction\",\"target\":{\"@type\":\"EntryPoint\",\"urlTemplate\":\"https:\/\/agrocienciapodcast.com\/?s={search_term_string}\"},\"query-input\":{\"@type\":\"PropertyValueSpecification\",\"valueRequired\":true,\"valueName\":\"search_term_string\"}}],\"inLanguage\":\"pt-BR\"},{\"@type\":\"Organization\",\"@id\":\"https:\/\/agrocienciapodcast.com\/#organization\",\"name\":\"Agroci\u00eancia Podcast\",\"url\":\"https:\/\/agrocienciapodcast.com\/\",\"logo\":{\"@type\":\"ImageObject\",\"inLanguage\":\"pt-BR\",\"@id\":\"https:\/\/agrocienciapodcast.com\/#\/schema\/logo\/image\/\",\"url\":\"https:\/\/agrocienciapodcast.com\/wp-content\/uploads\/2023\/06\/cropped-AGROCIENCIA-POD-transp_02-1.png\",\"contentUrl\":\"https:\/\/agrocienciapodcast.com\/wp-content\/uploads\/2023\/06\/cropped-AGROCIENCIA-POD-transp_02-1.png\",\"width\":1539,\"height\":416,\"caption\":\"Agroci\u00eancia Podcast\"},\"image\":{\"@id\":\"https:\/\/agrocienciapodcast.com\/#\/schema\/logo\/image\/\"},\"sameAs\":[\"https:\/\/x.com\/agrocienciacast\"]}]}<\/script>\n<!-- \/ Yoast SEO plugin. -->","yoast_head_json":{"title":"Equipe - Agroci\u00eancia Podcast","robots":{"index":"index","follow":"follow","max-snippet":"max-snippet:-1","max-image-preview":"max-image-preview:large","max-video-preview":"max-video-preview:-1"},"canonical":"https:\/\/agrocienciapodcast.com\/index.php\/equipe\/","og_locale":"pt_BR","og_type":"article","og_title":"Equipe - Agroci\u00eancia Podcast","og_description":"F\u00e1bio Mascarenhas Dutra &nbsp; Ana Paula Dalmagro &nbsp; Luiz Felipe Rigon Kegler &nbsp; Sloan Vicente Filho Machado &nbsp; Lu\u00eds Felipe Mateu Silva","og_url":"https:\/\/agrocienciapodcast.com\/index.php\/equipe\/","og_site_name":"Agroci\u00eancia Podcast","article_modified_time":"2026-02-14T23:49:41+00:00","og_image":[{"url":"http:\/\/servicosweb.cnpq.br\/wspessoa\/servletrecuperafoto?tipo=1&amp;id=K4217565Y8","type":"","width":"","height":""}],"twitter_card":"summary_large_image","twitter_site":"@agrocienciacast","twitter_misc":{"Est. tempo de leitura":"4 minutos"},"schema":{"@context":"https:\/\/schema.org","@graph":[{"@type":"WebPage","@id":"https:\/\/agrocienciapodcast.com\/index.php\/equipe\/","url":"https:\/\/agrocienciapodcast.com\/index.php\/equipe\/","name":"Equipe - Agroci\u00eancia Podcast","isPartOf":{"@id":"https:\/\/agrocienciapodcast.com\/#website"},"primaryImageOfPage":{"@id":"https:\/\/agrocienciapodcast.com\/index.php\/equipe\/#primaryimage"},"image":{"@id":"https:\/\/agrocienciapodcast.com\/index.php\/equipe\/#primaryimage"},"thumbnailUrl":"http:\/\/servicosweb.cnpq.br\/wspessoa\/servletrecuperafoto?tipo=1&amp;id=K4217565Y8","datePublished":"2023-09-12T00:03:28+00:00","dateModified":"2026-02-14T23:49:41+00:00","breadcrumb":{"@id":"https:\/\/agrocienciapodcast.com\/index.php\/equipe\/#breadcrumb"},"inLanguage":"pt-BR","potentialAction":[{"@type":"ReadAction","target":["https:\/\/agrocienciapodcast.com\/index.php\/equipe\/"]}]},{"@type":"ImageObject","inLanguage":"pt-BR","@id":"https:\/\/agrocienciapodcast.com\/index.php\/equipe\/#primaryimage","url":"http:\/\/servicosweb.cnpq.br\/wspessoa\/servletrecuperafoto?tipo=1&amp;id=K4217565Y8","contentUrl":"http:\/\/servicosweb.cnpq.br\/wspessoa\/servletrecuperafoto?tipo=1&amp;id=K4217565Y8"},{"@type":"BreadcrumbList","@id":"https:\/\/agrocienciapodcast.com\/index.php\/equipe\/#breadcrumb","itemListElement":[{"@type":"ListItem","position":1,"name":"In\u00edcio","item":"https:\/\/agrocienciapodcast.com\/"},{"@type":"ListItem","position":2,"name":"Equipe"}]},{"@type":"WebSite","@id":"https:\/\/agrocienciapodcast.com\/#website","url":"https:\/\/agrocienciapodcast.com\/","name":"Agroci\u00eancia Podcast","description":"A informa\u00e7\u00e3o \u00e9 o melhor defensivo contra a praga da fake news","publisher":{"@id":"https:\/\/agrocienciapodcast.com\/#organization"},"potentialAction":[{"@type":"SearchAction","target":{"@type":"EntryPoint","urlTemplate":"https:\/\/agrocienciapodcast.com\/?s={search_term_string}"},"query-input":{"@type":"PropertyValueSpecification","valueRequired":true,"valueName":"search_term_string"}}],"inLanguage":"pt-BR"},{"@type":"Organization","@id":"https:\/\/agrocienciapodcast.com\/#organization","name":"Agroci\u00eancia Podcast","url":"https:\/\/agrocienciapodcast.com\/","logo":{"@type":"ImageObject","inLanguage":"pt-BR","@id":"https:\/\/agrocienciapodcast.com\/#\/schema\/logo\/image\/","url":"https:\/\/agrocienciapodcast.com\/wp-content\/uploads\/2023\/06\/cropped-AGROCIENCIA-POD-transp_02-1.png","contentUrl":"https:\/\/agrocienciapodcast.com\/wp-content\/uploads\/2023\/06\/cropped-AGROCIENCIA-POD-transp_02-1.png","width":1539,"height":416,"caption":"Agroci\u00eancia Podcast"},"image":{"@id":"https:\/\/agrocienciapodcast.com\/#\/schema\/logo\/image\/"},"sameAs":["https:\/\/x.com\/agrocienciacast"]}]}},"_links":{"self":[{"href":"https:\/\/agrocienciapodcast.com\/index.php\/wp-json\/wp\/v2\/pages\/137","targetHints":{"allow":["GET"]}}],"collection":[{"href":"https:\/\/agrocienciapodcast.com\/index.php\/wp-json\/wp\/v2\/pages"}],"about":[{"href":"https:\/\/agrocienciapodcast.com\/index.php\/wp-json\/wp\/v2\/types\/page"}],"author":[{"embeddable":true,"href":"https:\/\/agrocienciapodcast.com\/index.php\/wp-json\/wp\/v2\/users\/1"}],"replies":[{"embeddable":true,"href":"https:\/\/agrocienciapodcast.com\/index.php\/wp-json\/wp\/v2\/comments?post=137"}],"version-history":[{"count":8,"href":"https:\/\/agrocienciapodcast.com\/index.php\/wp-json\/wp\/v2\/pages\/137\/revisions"}],"predecessor-version":[{"id":351,"href":"https:\/\/agrocienciapodcast.com\/index.php\/wp-json\/wp\/v2\/pages\/137\/revisions\/351"}],"wp:attachment":[{"href":"https:\/\/agrocienciapodcast.com\/index.php\/wp-json\/wp\/v2\/media?parent=137"}],"curies":[{"name":"wp","href":"https:\/\/api.w.org\/{rel}","templated":true}]}}